late the greatest common factor of 2840175 and 4425.
75
Calculate the highest common divisor of 131963 and 25922.
13
What is the greatest common divisor of 89014830 and 711?
237
What is the greatest common divisor of 60 and 251732330?
10
What is the highest common factor of 200876 and 26611?
13
Calculate the highest common divisor of 2285 and 1874030.
5
Calculate the greatest common divisor of 15370353 and 61.
61
Calculate the highest common divisor of 8214 and 16340754.
222
What is the highest common factor of 5856 and 406176?
96
What is the greatest common divisor of 8242 and 932611147?
4121
Calculate the highest common factor of 44732 and 1477211.
211
What is the greatest common factor of 637022 and 817466?
2734
Calculate the highest common divisor of 7569 and 107454.
3
Calculate the highest common divisor of 2883 and 7037.
31
Calculate the highest common divisor of 300476 and 215732.
44
Calculate the greatest common factor of 30216940 and 10.
10
What is the highest common factor of 2324 and 96397196?
2324
Calculate the highest common factor of 16131 and 10033311.
57
What is the highest common divisor of 172860 and 2752?
172
What is the highest common factor of 14166290 and 10?
10
Calculate the highest common divisor of 984 and 74306883.
123
Calculate the highest common factor of 11795613 and 532962.
3063
What is the highest common factor of 266684 and 2455256?
2204
Calculate the highest common factor of 10350 and 16683165.
1035
What is the highest common factor of 79884 and 3972?
12
What is the greatest common factor of 3502 and 200925499?
1751
What is the greatest common factor of 75403625 and 825?
275
Calculate the highest common factor of 9394206 and 158.
158
What is the greatest common divisor of 19307231 and 691?
691
What is the highest common factor of 5566828 and 7636?
92
What is the greatest common divisor of 23183810 and 29509?
1283
Calculate the greatest common divisor of 4171 and 13267951.
4171
What is the greatest common factor of 55242 and 3138750?
5022
Calculate the highest common factor of 131632 and 277552.
304
Calculate the greatest common divisor of 253363432 and 1834.
1834
Calculate the greatest common divisor of 35867 and 4298801.
403
Calculate the highest common factor of 10 and 85778260.
10
Calculate the greatest common divisor of 315568 and 1665697.
1793
Calculate the greatest common divisor of 474076 and 19182.
46
Calculate the greatest common divisor of 289862908 and 116996.
10636
What is the highest common factor of 209682 and 619146?
198
What is the greatest common divisor of 275821 and 42001?
433
Calculate the greatest common factor of 1380 and 15114956.
92
Calculate the greatest common divisor of 26 and 3174870634.
26
What is the greatest common factor of 23750 and 45090?
10
What is the greatest common divisor of 788907 and 1722?
21
What is the highest common factor of 25169090 and 1570?
10
What is the highest common divisor of 305 and 40448917?
61
What is the highest common divisor of 120951784 and 48?
8
Calculate the highest common divisor of 114922676 and 11.
11
What is the greatest common divisor of 24063 and 1283?
1
Calculate the greatest common divisor of 10023 and 3030144.
39
What is the greatest common divisor of 1089 and 806877?
9
Calculate the greatest common factor of 134379 and 48998565.
4977
Calculate the greatest common divisor of 558857 and 32123.
13
Calculate the highest common factor of 264895077 and 3678.
1839
Calculate the highest common divisor of 2742491 and 7123.
17
What is the greatest common factor of 161384 and 476?
4
Calculate the highest common factor of 11720 and 445588540.
5860
Calculate the highest common factor of 4 and 97638.
2
Calculate the greatest common factor of 9864345 and 45.
15
What is the highest common factor of 9666 and 9487716?
1074
Calculate the highest common factor of 290726862 and 2588.
1294
Calculate the highest common factor of 126 and 3457006.
14
What is the highest common factor of 5053704 and 172?
172
What is the highest common factor of 31350 and 170715?
285
What is the greatest common factor of 4297297 and 6682?
257
Calculate the highest common factor of 452985299 and 37076.
9269
Calculate the greatest common factor of 14268 and 1935924.
348
Calculate the greatest common divisor of 2776 and 6884.
4
Calculate the highest common divisor of 89425823 and 359.
359
What is the highest common factor of 2982586 and 656?
82
What is the greatest common factor of 2104 and 499423324?
1052
Calculate the highest common factor of 4207 and 242809.
7
What is the greatest common factor of 1465 and 7181137?
293
Calculate the highest common factor of 76 and 1152700.
4
Calculate the greatest common factor of 964 and 604549705.
241
What is the highest common divisor of 12743897 and 680?
17
What is the greatest common divisor of 72 and 82768032?
72
Calculate the highest common divisor of 21 and 2269358.
7
Calculate the greatest common factor of 2025280 and 6753043.
6329
Calculate the highest common factor of 676 and 1568125312.
676
What is the highest common factor of 1670 and 429861006?
334
Calculate the greatest common factor of 1698730 and 5060.
110
What is the greatest common divisor of 36955267 and 72409?
3811
Calculate the greatest common factor of 2251 and 913097891.
2251
Calculate the highest common factor of 64974 and 31200.
78
What is the greatest common factor of 6318330 and 7935?
345
Calculate the highest common divisor of 57359 and 499339.
41
Calculate the greatest common divisor of 6720 and 42486528.
1344
What is the highest common factor of 33415337 and 9653?
197
Calculate the greatest common divisor of 450 and 1982500.
50
Calculate the highest common divisor of 101119 and 981.
1
What is the greatest common factor of 414069992 and 8?
8
What is the greatest common divisor of 954450 and 34067300?
5050
What is the greatest common divisor of 8054850 and 270?
30
What is the greatest common divisor of 3842 and 76614?
226
What is the greatest common factor of 25999220 and 5776?
1444
What is the greatest common factor of 44924744 and 17?
17
Calculate the highest common divisor of 45 and 1023665.
5
What is the greatest common divisor of 507678801 and 2817?
939
What is the highest common divisor of 4107630 and 2820?
30
What is the greatest common factor of 1588267 and 1023701?
3401
Calculate the greatest common factor of 100 and 5463700.
100
Calculate the highest common factor of 2493630344 and 311.
311
Calculate the highest common factor of 2475 and 65456325.
2475
Calculate the highest common factor of 107184 and 16123072.
3248
Calculate the highest common factor of 394791355 and 31.
31
Calculate the greatest common factor of 18512082 and 510.
102
Calculate the highest common factor of 8372 and 873724.
92
What is the highest common factor of 73294 and 101371240?
5638
What is the greatest common divisor of 17170020 and 270?
90
Calculate the highest common divisor of 2400046 and 82423.
1397
Calculate the highest common divisor of 1037 and 2791177.
61
What is the greatest common factor of 455851 and 143?
11
Calculate the greatest common divisor of 99 and 3551064.
33
What is the greatest common divisor of 5080 and 301720?
40
What is the highest common divisor of 48 and 18910480?
16
Calculate the greatest common divisor of 230748 and 7571.
67
Calculate the greatest common factor of 936 and 240266.
26
Calculate the highest common divisor of 2047786160 and 13216.
6608
What is the highest common divisor of 50028 and 264?
132
What is the highest common factor of 39109103 and 23672?
2959
What is the highest common divisor of 1815 and 246225?
15
What is the greatest common divisor of 16032752 and 976?
976
What is the highest common divisor of 12 and 8498787?
3
Calculate the greatest common factor of 45595 and 637501.
829
Calculate the highest common divisor of 14399 and 2344496.
847
What is the greatest common factor of 54 and 953484?
6
Calculate the highest common factor of 4401 and 1216469.
163
Calculate the greatest common divisor of 21316940 and 60.
20
What is the highest common divisor of 275147081 and 6248?
781
Calculate the highest common divisor of 27568640 and 80.
80
Calculate the highest common divisor of 22211 and 6459943.
133
Calculate the greatest common factor of 14